at is 3 + 120123?
120131
In base 14, what is 517 + -5?
512
In base 5, what is -1 + 100222?
100221
In base 6, what is -1521 + 1?
-1520
In base 8, what is -4 - 50?
-54
In base 8, what is 73 - -5?
100
In base 4, what is 1 - 31000?
-30333
In base 5, what is -3 + 304?
301
In base 11, what is -683 + 7?
-677
In base 13, what is -164 + -4?
-168
In base 2, what is 1101001100 + 0?
1101001100
In base 3, what is 100210 + -102?
100101
In base 8, what is -1544 - 0?
-1544
In base 10, what is -12 + -21?
-33
In base 13, what is 1 + 55?
56
In base 14, what is -1 + -b?
-c
In base 8, what is 5 - -1113?
1120
In base 9, what is 15 + 58?
74
In base 12, what is 66 + -2b?
37
In base 16, what is c22 - -5?
c27
In base 7, what is 3 + 2060?
2063
In base 4, what is 2 - 10013?
-10011
In base 15, what is -1 - -44?
43
In base 11, what is -3 + -2?
-5
In base 10, what is -4 - 94?
-98
In base 7, what is 2504 - 26?
2445
In base 13, what is -2 + -79?
-7b
In base 12, what is -5a - 5?
-63
In base 13, what is 7 + -b4?
-aa
In base 2, what is -100 + 101011?
100111
In base 9, what is 24333 + -2?
24331
In base 4, what is -33 - -3?
-30
In base 14, what is 1 - -b?
c
In base 5, what is -10 - 30?
-40
In base 11, what is 6 + 52?
58
In base 3, what is 1 + -2000100?
-2000022
In base 11, what is 948 - 1?
947
In base 10, what is -877 - 0?
-877
In base 8, what is 77 - -10?
107
In base 12, what is -14682 + -5?
-14687
In base 15, what is -194 - 5?
-199
In base 13, what is 104 + -5?
cc
In base 13, what is -b0c9 + -3?
-b0cc
In base 8, what is -1410 - 0?
-1410
In base 12, what is -9 + 93?
86
In base 6, what is 20 - 533?
-513
In base 10, what is 152 - 8?
144
In base 15, what is 13 - 7?
b
In base 16, what is -d6f + 0?
-d6f
In base 8, what is 10 - 26?
-16
In base 9, what is -264 - -3?
-261
In base 9, what is -563 + 1?
-562
In base 7, what is -13 + -16?
-32
In base 14, what is -567 + 0?
-567
In base 5, what is 31 - 33?
-2
In base 10, what is 6 - -53?
59
In base 12, what is 0 + -1a2?
-1a2
In base 3, what is 0 - 1102?
-1102
In base 7, what is 263 + 30?
323
In base 7, what is -5 + 50?
42
In base 16, what is -1 - -2f?
2e
In base 2, what is 110000 - 1101?
100011
In base 15, what is 0 + -833?
-833
In base 12, what is -5 + -1385?
-138a
In base 3, what is 2212 - -111?
10100
In base 3, what is 102112 - -11?
102200
In base 13, what is 7 + -8c?
-85
In base 16, what is 0 + -27?
-27
In base 11, what is 1 + 59?
5a
In base 15, what is -416 - 1?
-417
In base 2, what is -100 + 1101101?
1101001
In base 4, what is -1210 + -301?
-2111
In base 12, what is 8578 + -1?
8577
In base 4, what is -11 - 130?
-201
In base 4, what is -13102 - -11?
-13031
In base 6, what is 4 + 114?
122
In base 16, what is -1700 - 1?
-1701
In base 14, what is -8 - -5?
-3
In base 9, what is 55 + -2?
53
In base 15, what is -58 + -1?
-59
In base 5, what is 2203 + -103?
2100
In base 9, what is -43 + -4?
-47
In base 5, what is 1 - 1001?
-1000
In base 16, what is -5 + -c9?
-ce
In base 9, what is -11 - -43?
32
In base 11, what is -8 + 674?
667
In base 15, what is 3 - -5b?
5e
In base 5, what is 1 + -110?
-104
In base 7, what is 30164 - -5?
30202
In base 13, what is -21 - -18?
-6
In base 9, what is -15 - -46?
31
In base 16, what is 8 - 22?
-1a
In base 14, what is 4 + -9a5?
-9a1
In base 5, what is -320 - 31?
-401
In base 6, what is 20 + 10331?
10351
In base 5, what is -22 + 310?
233
In base 11, what is -4 + a6?
a2
In base 9, what is 8 + -63?
-54
In base 6, what is -104 + -4?
-112
In base 14, what is -41 + -d7?
-138
In base 10, what is -2 - -155?
153
In base 4, what is -3 + -1?
-10
In base 9, what is 287 + 6?
304
In base 13, what is 2bb + -6?
2b5
In base 16, what is 1f9 + 2?
1fb
In base 8, what is 1740 + -17?
1721
In base 16, what is -9 + -967?
-970
In base 13, what is -14 + b?
-6
In base 13, what is 3 + 6a2?
6a5
In base 13, what is 91c + 1?
920
In base 15, what is 44 - 1?
43
In base 3, what is 2 - 10122?
-10120
In base 12, what is 1911 + -4?
1909
In base 15, what is 4b + 2?
4d
In base 13, what is -47 - a?
-54
In base 15, what is 2 - -77b?
77d
In base 8, what is -11 + -3?
-14
In base 10, what is 338 - 5?
333
In base 10, what is 214 - -5?
219
In base 5, what is 2 - -123?
130
In base 9, what is -452 + 2?
-450
In base 8, what is -4 + 12?
6
In base 4, what is 0 + 11?
11
In base 8, what is -157 - 0?
-157
In base 6, what is -4 + 3?
-1
In base 6, what is -14 + 245?
231
In base 10, what is -2 + 146?
144
In base 16, what is 4 - -67b?
67f
In base 13, what is -30c3 - -4?
-30bc
In base 15, what is -30c + -1?
-30d
In base 12, what is -77 - 5?
-80
In base 15, what is 66 + b?
72
In base 15, what is -5 + 102d?
1028
In base 5, what is -1 - -10202?
10201
In base 14, what is a + 555?
561
In base 12, what is -1366 + -5?
-136b
In base 7, what is -246 - 146?
-425
In base 2, what is -1011100 + -10?
-1011110
In base 10, what is -493 + 8?
-485
In base 13, what is -112 - 0?
-112
In base 13, what is 8 - -92?
9a
In base 8, what is 5 + 165?
172
In base 2, what is 10010001110001 + -11?
10010001101110
In base 14, what is 140a + 4?
1410
In base 5, what is 101 + 14?
120
In base 12, what is -226 - 3?
-229
In base 4, what is 1 + 103331?
103332
In base 11, what is -1291 + -1?
-1292
In base 16, what is 2 + b?
d
In base 16, what is 1 - 49?
-48
In base 11, what is -25 + 422?
3a8
In base 7, what is 64 - -525?
622
In base 4, what is 20012033 + 3?
20012102
In base 4, what is 1 + 1331?
1332
In base 3, what is 12021 - 0?
12021
In base 9, what is -2 + 1730?
1727
In base 6, what is -2100 + -5?
-2105
In base 2, what is 1 - 10010111?
-10010110
In base 10, what is -4 + -5?
-9
In base 6, what is -5 + -1111?
-1120
In base 15, what is -5 - -9cc?
9c7
In base 10, what is 1 + -53?
-52
In base 12, what is -34 + 4?
-30
In base 10, what is -5 - 41?
-46
In base 11, what is 0 + 2746?
2746
In base 6, what is 5 - -130?
135
In base 3, what is -2 + -112202?
-112211
In base 12, what is 618 + -9?
60b
In base 16, what is -10 + -9?
-19
In base 14, what is -6 + 27?
21
In base 11, what is 13 + -103?
-a0
In base 10, what is -16 + 193?
177
In base 15, what is -9 - 76?
-80
In base 2, what is 101100001 - 111?
101011010
In base 5, what is 4 + -424?
-420
In base 8, what is 42 - 1?
41
In base 14, what is 6a8 - -3?
6ab
In base 12, what is a + -27?
-19
In base 9, what is -25 + -21?
-46
In base 16, what is -2 - 16d?
-16f
In base 5, what is 112 + -2?
110
In base 12, what is -1058 + b?
-1049
In base 3, what is 2011 - -110?
2121
In base 8, what is -36 + 7?
-27
In base 15, what is -13 - -30?
1c
In base 14, what is -16 + 76?
60
In base 4, what is 1 - -132?
133
In base 10, what is -14714 - 1?
-14715
In base 13, what is -20 - b?
-2b
In base 2, what is 1010111111 - -11?
1011000010
In base 5, what is -1 + -440?
-441
In base 13, what is -1 - -373?
372
In base 6, what is -14 + 30?
12
In base 5, what is -2133 - -10?
-2123
In base 6, what is 253 + 41?
334
In base 8, what is -203 + -4?
-207
In base 7, what is -5 - -323?
315
In base 10, what is -240 + -108?
-348
In base 4, what is 3 - 33?
-30
In base 10, what is 10 - -1015?
1025
In base 5, what is 3 + -30310?
-30302
In base 12, what is 5 + -2b?
-26
In base 13, what is -5 - 24?
-29
In base 8, what is 3 + -2140?
-2135
In base 15, what is -2e + 21?
-d
In base 6, what is 3 - -5140?
5143
In base 11, what is -4 - 16?
-1a
In base 9, what is -3 - -6317?
6314
In base 2, what is -11 + 111101000111?
111101000100
In base 11, what is -2560 - -2?
-2559
In base 6, what is -31 - 5?
-40
In base 4, what is 212 - 1020?
-202
In base 9, what is 312 - -4?
316
In base 10, what is 1 - 48?
-47
In base 5, what is -31401 - -3?
-31343
In base 14, what is 67 - -2?
69
In base 11, what is -34a - -2?
-348
In base 9, what is 5 + -138?
-133
In base 14, what is b2 + 18?
ca
In base 15, what is -2 - e47?
-e49
In base 6, what is 1122 + -104?
1014
In base 6, what is -1 - -321?
320
In base 9, what is -14 - 14?
-28
In base 10, what is 79 - -26?
105
In base 5, what is -4103 + 1?
-4102
In base 2, what is 1110000101 - 111?
1101111110
In base 13, what is 2 - 129?
-127
In base 4, what is 32 + 11?
103
In base 5, what is 33 + 10142?
10230
In base 3, what is -1120 - -2?
-1111
In base 10, what is -46 - -7?
-39
In base 14, what is -1 + 11b?
11a
In base 16, what is -8a + 1f?
-6b
In base 8, what is -344 - -1?
-343
In base 2, what is 0 - 11?
-11
In base 11